{"id":637,"date":"2026-05-04T17:11:36","date_gmt":"2026-05-04T17:11:36","guid":{"rendered":"https:\/\/foreignerinchile.com\/?page_id=637"},"modified":"2026-05-05T00:47:21","modified_gmt":"2026-05-05T00:47:21","slug":"otros-servicios","status":"publish","type":"page","link":"https:\/\/foreignerinchile.com\/?page_id=637","title":{"rendered":"Servicios Corporativos"},"content":{"rendered":"\n<p><\/p>\n\n\n\n<p>Auditoria Migratoria para empresas<\/p>\n\n\n\n<p>Obtenci\u00f3n RUT Provisorio<\/p>\n\n\n\n<p>Obtenci\u00f3n RUN<\/p>\n\n\n\n<p>Validaciones de documentos electr\u00f3nicos<\/p>\n\n\n\n<p>Apostilla de la Haya<\/p>\n\n\n\n<p>Legalizaciones<\/p>\n\n\n\n<p>Notarizaciones<\/p>\n\n\n\n<p>Traducciones<\/p>\n","protected":false},"excerpt":{"rendered":"<p>Auditoria Migratoria para empresas Obtenci\u00f3n RUT Provisorio Obtenci\u00f3n RUN Validaciones de documentos electr\u00f3nicos Apostilla de la Haya Legalizaciones Notarizaciones Traducciones<\/p>\n","protected":false},"author":1,"featured_media":0,"parent":0,"menu_order":0,"comment_status":"closed","ping_status":"closed","template":"","meta":{"footnotes":""},"class_list":["post-637","page","type-page","status-publish","hentry"],"blocksy_meta":[],"_links":{"self":[{"href":"https:\/\/foreignerinchile.com\/index.php?rest_route=\/wp\/v2\/pages\/637","targetHints":{"allow":["GET"]}}],"collection":[{"href":"https:\/\/foreignerinchile.com\/index.php?rest_route=\/wp\/v2\/pages"}],"about":[{"href":"https:\/\/foreignerinchile.com\/index.php?rest_route=\/wp\/v2\/types\/page"}],"author":[{"embeddable":true,"href":"https:\/\/foreignerinchile.com\/index.php?rest_route=\/wp\/v2\/users\/1"}],"replies":[{"embeddable":true,"href":"https:\/\/foreignerinchile.com\/index.php?rest_route=%2Fwp%2Fv2%2Fcomments&post=637"}],"version-history":[{"count":3,"href":"https:\/\/foreignerinchile.com\/index.php?rest_route=\/wp\/v2\/pages\/637\/revisions"}],"predecessor-version":[{"id":771,"href":"https:\/\/foreignerinchile.com\/index.php?rest_route=\/wp\/v2\/pages\/637\/revisions\/771"}],"wp:attachment":[{"href":"https:\/\/foreignerinchile.com\/index.php?rest_route=%2Fwp%2Fv2%2Fmedia&parent=637"}],"curies":[{"name":"wp","href":"https:\/\/api.w.org\/{rel}","templated":true}]}}